1 - -8)).
-6
Calculate -16 + (19 - (-12 - 3 - -50)).
-32
Calculate (8 - ((8 - 5) + -1)) + 0 + 1.
7
What is (3 - -5) + -9 - (-10 + (0 - -2))?
7
What is the value of 33 - (9 + (-6 - (-9 - 2)))?
19
2 + -1 + (-23 - -40) + -22 - -4
0
0 + -5 - (-3 - -6 - 7)
-1
What is the value of (-6 - (-12 + 5)) + -20 - 1?
-20
Calculate -13 - (8 + -4 + -6).
-11
Calculate (-8 - -3 - -1 - 1) + 4 - -7.
6
What is the value of 6 + 8 + -8 + -13 + -38 + 8?
-37
What is the value of -22 - (-13 - -7) - -22?
6
What is the value of (-29 - (-1 + -8)) + 12?
-8
Evaluate 19 - -3 - (-10 + 12 + 2).
18
Calculate 5 - (-14 + 12) - 23.
-16
-20 - -62 - 26 - (3 - 0 - -1)
12
What is the value of -4 - (4 + -5 + 0) - (-2 + 5)?
-6
What is the value of -25 - (-38 + (11 - -27))?
-25
Calculate -2 - (-7 - (-11 - -7)).
1
What is 6 + (8 - 7 - (-10 - -4 - -3))?
10
Evaluate -10 + -1 + 1 + 158 + -172.
-24
-22 + 16 + 6 + -3
-3
Calculate -26 + -8 + 5 + (8 - -2).
-19
Calculate -13 + 3 + 6 + 20.
16
(1 - (-1 + -1)) + -186 + 190 - -3
10
What is the value of 28 - 0 - ((17 - (7 - -6)) + 3)?
21
Calculate 4 + (27 - 15 - 32) + -11.
-27
-1 + 2 + -2 + -23 - (-5986 - -5975)
-13
What is the value of -9 - (18 + -13 + -7)?
-7
Evaluate -1 + (-18 - 3) + (-57 - -76).
-3
Calculate 4 - (-14 - (-57 - -29)).
-10
What is the value of 28 + -19 - 5 - 14?
-10
What is (-5 - 4) + 2 + 10 - -2?
5
What is 49 - 30 - 33 - -39?
25
What is the value of 4 - 0 - (-13 + (-10 - (-12 + -28)))?
-13
What is -16 - (19 + -25 - (5 + -19))?
-24
What is (59 - 15) + 3 - 55?
-8
Evaluate 16 + (35 - 24) + -45.
-18
What is the value of 8 - (12 + -2 + -7 - 3 - -9)?
-1
What is the value of -3 - (-12 + (12 - (11 - 6 - 4)))?
-2
1 - 9 - ((-1 - (4 + -11)) + 0)
-14
(0 - 11) + -28 + 42
3
Calculate -35 + (8 - -7) + 3 + 17.
0
Calculate (2 + 2 - (-5 - 9)) + 3.
21
What is the value of -73 + 67 - ((3 - (3 - 2)) + 26)?
-34
1 - 3 - (-1161 - -1168)
-9
Evaluate (12 - 12 - -2) + 8.
10
Calculate 4 + -19 + (3 - 0).
-12
Evaluate (-1 - -3) + 1 - (-19 - (-14 + 0)).
8
-7 + 11 - (-49 - -37)
16
What is the value of -3 + (4 - 21) + (25 - 22) + -13?
-30
Evaluate -34 + 5 + 13 - -20.
4
What is -7 + (12 - (-18 + 7 + 6 + 2))?
8
Evaluate -15 + -14 + 14 + 21 - 42.
-36
-10 - (-15 + 18) - 1 - -22
8
Evaluate 1 - (-6 + 22 + (-8 - 0) + -10).
3
-2 + -2 + 2 - 2 - (-952 + 959)
-11
What is the value of 19 - (25 - (-1 + 13) - (7 + 0))?
13
What is 32 + (-16 - 8) - (9 - -1)?
-2
Calculate 1 + (6 - 6) - (-1 + (6 - 7)).
3
What is (-8 - -4) + 12 + (-1 - (14 + -5))?
-2
Evaluate -3 + (36 - 22) + -48.
-37
What is (-2 - 0) + -5 + (-4 - 3) + 11?
-3
Calculate -3 - 6 - (0 + 2) - (6 - 9).
-8
Calculate 3 - (-5 + (-6 + 5 - -20)).
-11
What is the value of -26 + 14 + -25 + 33?
-4
Evaluate (-3 - (-22 + 6)) + -25.
-12
What is the value of (-4 - -8) + (14 - (-15 - -30))?
3
Calculate (-3 - 38) + (-321 - -401).
39
Calculate 12 + 4 + -12 + 6.
10
What is the value of -2 + (-1 - -2) + (21 - 12 - 7)?
1
3 - (16 + -39 - -29)
-3
Calculate 32 + -1 + (98 - 111) + -1 + -4.
13
Calculate 21 + (-12 - (-4 - -4)).
9
(-5 + 2 - (6 + -6 - -5)) + -13
-21
-1 - (19 - 13) - -17
10
Evaluate 10 - (-1 - -8 - (-72 + 55)).
-14
(0 + 0 + 7 - (118 + -125)) + 0
14
What is 39 - (51 + -8) - (11 - -1)?
-16
(13 - 2 - -2) + (191 - 184)
20
11 + -2 + (32 + -47 - (0 + 2))
-8
(-18 + 21 - -26) + 4 + (-2 - 1)
30
What is the value of -2 + 5 - (6 - (-6 + 5 + -5))?
-9
(-4 - (0 - (5 - (-1 + 7)))) + -8
-13
What is -5 + (60 - 61 - (1 - (2 + 3)))?
-2
1 + 9 + 8 + -16 + 8
10
What is -59 - -50 - (1 + -8)?
-2
Calculate 8 + (-40 - (-100 - -40)).
28
Evaluate 2 - (0 - -1 - (-8 + 3)).
-4
What is the value of (-42 - (-59 + 8)) + 1 + 11?
21
What is the value of (-13 - -1) + 18 + -10?
-4
What is the value of -16 + 1 + (40 - 11)?
14
What is 2 + ((12 - 11) + -14 - 8)?
-19
Calculate 14 - (0 - -9) - 17.
-12
18 + 3 + -11 + 9 + (11 - 10)
20
Calculate 34 - 16 - 18 - (-7 - 2).
9
-3 + (3 - (-1 - (1 - 12)))
-10
Evaluate (-4 - -20) + -14 - -1 - -7.
10
What is the value of -1 - (10 - (11 - -7)) - -7?
14
What is 38 + -38 - (27 + -12)?
-15
What is the value of (-46 - -33) + (1 - 4) - -9?
-7
What is the value of -8 + 5 - (3 + (7 - 0))?
-13
-4 + (-2 - (2 - 2)) + (72 - 79)
-13
What is the value of (-28 - -10 - -12) + 29?
23
(37 + -34 - -17) + -1
19
(33 - 23) + -1 + 0 - 23
-14
Calculate -5 - 0 - ((-16 - 13) + 10).
14
What is (-6 - (-3 + -8) - -1) + -29?
-23
What is the value of (-12 - ((7 - 8) + -6)) + 3?
-2
4 - (6 + -1) - (6 + -14 + 7)
0
(1 - 3) + -1 + 13 + (-23 - -16)
3
What is -15 + (13 + -27 - -37)?
8
Evaluate (-19 - -7) + 14 - (0 + (4 - 2)).
0
Calculate (1 + -2 + 16 - 22) + 31.
24
Calculate 11 - 19 - (6 - 13) - 3.
-4
Evaluate (-68 - -46) + -11 - (-7 + 1).
-27
What is the value of -102 + -101 + 204 + (-10 - (0 + 1))?
-10
Calculate 7 - (-23 - (-28 - 0)).
2
What is the value of -25 + 16 + 9 + (-3 + 5 - 7)?
-5
What is 10 - (-4 - -1) - (83 + -56)?
-14
Evaluate -22 - (-6 + (4 + 3 + -15 - -14)).
-22
Calculate 2 - (3 + -7 + 1 - (-6 - -2)).
1
(-41 - 1) + (30 + -8 - (23 - 8))
-35
What is the value of 3 - (-4 - (-19 + 22 + -8 + 1))?
3
Evaluate (-12 - 0 - (0 + -31)) + -10.
9
Evaluate (-29 - -16) + 6 + 7.
0
What is the value of (-5 - -34) + -33 + -14?
-18
461 + -452 + (1 - -1)
11
Evaluate -14 - (-3 + -3 + -2 + 9 - 6).
-9
1 - (7 - (4 - ((6 - 2) + 2)))
-8
What is -14 + 0 + (88 + -78 - -6)?
2
Evaluate -9 - (0 + 9 + (-8 - 17)).
7
What is (5 - 55) + 22 + 42?
14
What is the value of (-7 - (-9 + 9)) + (-5 - 2) + 1?
-13
Evaluate -9 + -6 + 12 + 10 + 3 + -6.
4
Calculate (0 + -18 - (-3 + 4)) + 49 + -44.
-14
Evaluate (-5 - (-8 - -4)) + 13.
12
Evaluate (-32 - (-4 + -28)) + -1 + 3.
2
18 - (20 + (-17 - -3))
12
What is the value of 27 - ((3 - (-3 - 1)) + (5 - 17))?
32
What is 2 + 26 + 10 + -16?
22
What is (-1 - 11) + -8 + 19 + 1?
0
What is the value of (-6 - (7 + -2) - 4) + -4 + 9?
-10
(1 - 31) + (72 - 56)
-14
What is the value of -7 + 2 - (55 + -62) - 4?
-2
Calculate -8 + -9 - (3 - (3 - -10)).
-7
What is -13 + (-1 - (-7 + 6 - 3))?
-10
16 - 4 - 7 - (-14 + -1)
20
What is the value of -2 + (7 + 0 - (11 + -14))?
8
Evaluate -1 - 14 - (16 - (-18 + 41)).
-8
191 + -175 - (-1 - 1)
18
Calculate (12 - 0) + -26 + 16 + 20 + 0.
22
Evaluate -8 + (-11 + 10 - 5).
-14
-28 + 4 + 1 + 14
-9
Evaluate -11 - (-18 + (-11 - -10)).
8
-42 + 16 + 34 + (-1 - -5 - 1)
11
Calculate 9 - (-25 - (-10 - 27)).
-3
What is (1 - 2 - (121 - 118)) + 14?
10
Calculate (-7 - (5 - 23)) + (-10 + 20 - -3).
24
What is the value of (-10 - (-1 + -3)) + -6 + 0 + -1?
-13
Evaluate -4 + (2 - 0) + (-17 - (3 + -4)).
-18
Evaluate -20 + (-5 - -23) + 20.
18
What is the value of -1 - 3 - (1 - -2 - (60 + -58))?
-5
-3 + (-11 - (-6 - 7)) + -2 + -16
-19
Calculate 0 - (21 + -6 + -19 + 27).
-23
Evaluate 20 - (-1 + (17 + -4 - (-11 + 12))).
9
Calculate (-5 - (25 + -21)) + 3.
-6
(45 - -14) + -8 + -31
20
What is the value of 101 + -90 + -1 + 1?
11
Calculate 2 + (7 - 12) + 4.
1
What is the value of 4 - (1 + 0 + -28 + 35 + -18)?
14
-13 + 12 + 7 - 14
-8
Calculate -66 - -51 - (7 - (9 + -1)).
-14
Calculate (1 - 1) + -18 - -8.
-10
Evaluate 16 + (-5 - 14) - 3.
-6
What is -32 + 0 + -3 + 1 + -3?
-37
Calculate -3 + (-1 - -9) + (4 + -26 - -15).
-2
Evaluate (3 - -8) + (85 - 82).
14
-17 + (14 - (-20 + 5))
12
What is the value of 0 + -25 - (0 + -14 + 13)?
-24
What is 1 + -2 + -16 + (-31 - (8 + -34))?
-22
(74 - 63 - (9 + 1)) + (-6 - -1)
-4
What is the value of 10 - (3 - (-6 - -5 - 7))?
-1
What is the value of 7 + -1 - (11 - (-7 + 19) - 7)?
14
What is the value of (-8 - -7) + -3 - (7 - -3 - 1)?
-13
What is the value of 10 - (0 + (-36 - -20) + 15)?
11
Evaluate -5 + -5 - (-23 + 7).
6
Calculate -32 - -3 - (0 - (-1 - -1 - -11)).
-18
Evaluate (-16 - (7 + -28)) + 3.
8
Evaluate -1 + 0 + (-17 - (1 + (6 - 14))).
-11
Calculate -28 + -1 + -1618 + 1625.
-22
Calculate -228 - -230 - (8 + (1 - 0)).
-7
What is -19 + (2 - -13 - -1)?
-3
What is (-15 - -1 - 0) + 10?
-4
Calculate 20 - (16 + 0 - (10 - 6)).
8
Calculate 30 + -6 + -11 + 0 + 18.
31
What is 4 + -3 - (-65 - -61)?
5
What is the value of (-1 + (-16 - -7) - -6) + (-8 - -4)?
-8
Evaluate (-40 + 25 - -3) + 18.
6
Calculate 5 + (-3 - 4 - -16).
14
What is the value of -3 + 2 - (-8 + 3 - (27 + -23))?
8
Calculate 1 + -7 + -7 - -18.
5
Evaluate -49 + 39 + -5 + 0 + 10.
-5
Evaluate 7 + (-8 - -13 - -5) + -25.
-8
Calculate (-1 - -10) + -81 + 113 + (0 - 3).
38
(19 - 24) + 1 - 